{"id":456,"date":"2012-11-07T11:54:16","date_gmt":"2012-11-07T11:54:16","guid":{"rendered":"http:\/\/tsimetz.olympe.in\/?page_id=456"},"modified":"2021-02-25T22:31:18","modified_gmt":"2021-02-25T21:31:18","slug":"plan-dacces","status":"publish","type":"page","link":"https:\/\/www.tsi.lycee-louis-vincent.fr\/?page_id=456","title":{"rendered":"Plan d&rsquo;acc\u00e8s"},"content":{"rendered":"<h4><span style=\"color: #993366;\">Le Lyc\u00e9e est situ\u00e9 \u00e0 l\u2019adresse suivante:<\/span><\/h4>\n<p>Rue de Verdun<br \/>\n57000 METZ (FRANCE)<\/p>\n<p><strong>Pour contacter l\u2019\u00e9quipe enseignante de la TSI, <a title=\"Contactez-nous\" href=\"\/?page_id=55\">cliquez ici<\/a>.<\/strong><\/p>\n<p>Vous pouvez aussi joindre directement le lyc\u00e9e :<\/p>\n<p>Tel : 03 87 66 48 22<\/p>\n<p>Fax : 03 87 66 50 12<\/p>\n","protected":false},"excerpt":{"rendered":"<p>Le Lyc\u00e9e est situ\u00e9 \u00e0 l\u2019adresse suivante: Rue de Verdun 57000 METZ (FRANCE) Pour contacter l\u2019\u00e9quipe enseignante de la TSI, cliquez ici. Vous pouvez aussi joindre directement le lyc\u00e9e : Tel : 03 87 66 48 22 Fax : 03 87 66 50 12<\/p>\n","protected":false},"author":1,"featured_media":0,"parent":441,"menu_order":0,"comment_status":"closed","ping_status":"closed","template":"","meta":{"footnotes":""},"_links":{"self":[{"href":"https:\/\/www.tsi.lycee-louis-vincent.fr\/index.php?rest_route=\/wp\/v2\/pages\/456"}],"collection":[{"href":"https:\/\/www.tsi.lycee-louis-vincent.fr\/index.php?rest_route=\/wp\/v2\/pages"}],"about":[{"href":"https:\/\/www.tsi.lycee-louis-vincent.fr\/index.php?rest_route=\/wp\/v2\/types\/page"}],"author":[{"embeddable":true,"href":"https:\/\/www.tsi.lycee-louis-vincent.fr\/index.php?rest_route=\/wp\/v2\/users\/1"}],"replies":[{"embeddable":true,"href":"https:\/\/www.tsi.lycee-louis-vincent.fr\/index.php?rest_route=%2Fwp%2Fv2%2Fcomments&post=456"}],"version-history":[{"count":1,"href":"https:\/\/www.tsi.lycee-louis-vincent.fr\/index.php?rest_route=\/wp\/v2\/pages\/456\/revisions"}],"predecessor-version":[{"id":4788,"href":"https:\/\/www.tsi.lycee-louis-vincent.fr\/index.php?rest_route=\/wp\/v2\/pages\/456\/revisions\/4788"}],"up":[{"embeddable":true,"href":"https:\/\/www.tsi.lycee-louis-vincent.fr\/index.php?rest_route=\/wp\/v2\/pages\/441"}],"wp:attachment":[{"href":"https:\/\/www.tsi.lycee-louis-vincent.fr\/index.php?rest_route=%2Fwp%2Fv2%2Fmedia&parent=456"}],"curies":[{"name":"wp","href":"https:\/\/api.w.org\/{rel}","templated":true}]}}