{"id":4815,"date":"2021-03-15T11:00:30","date_gmt":"2021-03-15T10:00:30","guid":{"rendered":"http:\/\/www.tsi.lycee-louis-vincent.fr\/?page_id=4815"},"modified":"2022-12-09T06:58:10","modified_gmt":"2022-12-09T05:58:10","slug":"qcm-de-physique-chimie","status":"publish","type":"page","link":"https:\/\/www.tsi.lycee-louis-vincent.fr\/?page_id=4815","title":{"rendered":"QCM de physique chimie"},"content":{"rendered":"\n<blockquote class=\"wp-block-quote\"><p><mark style=\"background-color:rgba(0, 0, 0, 0)\" class=\"has-inline-color has-vivid-red-color\">Vous trouverez ici des QCM d&rsquo;entra\u00eenement sur les diff\u00e9rents th\u00e8mes de physique et chimie de premi\u00e8re ann\u00e9e.<\/mark><\/p><\/blockquote>\n\n\n\n<p>Cliquez sur un th\u00e8me pour vous entra\u00eener<\/p>\n\n\n\n<div class=\"wp-block-buttons is-layout-flex wp-block-buttons-is-layout-flex\">\n<div class=\"wp-block-button\"><a class=\"wp-block-button__link has-white-color has-cyan-bluish-gray-background-color has-text-color has-background\" href=\"https:\/\/forms.gle\/wjsLEFZrKydpxiWw8\" target=\"_blank\" rel=\"noreferrer noopener\">Unit\u00e9s et dimensions<\/a><\/div>\n\n\n\n<div class=\"wp-block-button\"><a class=\"wp-block-button__link has-vivid-red-background-color has-background\" href=\"http:\/\/www.tsi.lycee-louis-vincent.fr\/?page_id=4846\">Signaux<\/a><\/div>\n\n\n\n<div class=\"wp-block-button\"><a class=\"wp-block-button__link has-vivid-green-cyan-background-color has-background\" href=\"http:\/\/www.tsi.lycee-louis-vincent.fr\/?page_id=4848\">Optique<\/a><\/div>\n\n\n\n<div class=\"wp-block-button\"><a class=\"wp-block-button__link has-vivid-cyan-blue-background-color has-background\" href=\"http:\/\/www.tsi.lycee-louis-vincent.fr\/?page_id=4843\">M\u00e9canique<\/a><\/div>\n\n\n\n<div class=\"wp-block-button\"><a class=\"wp-block-button__link has-luminous-vivid-amber-background-color has-background\" href=\"http:\/\/www.tsi.lycee-louis-vincent.fr\/?page_id=4850\">Induction<\/a><\/div>\n\n\n\n<div class=\"wp-block-button\"><a class=\"wp-block-button__link has-luminous-vivid-orange-background-color has-background\" href=\"http:\/\/www.tsi.lycee-louis-vincent.fr\/?page_id=4852\">Thermodynamique<\/a><\/div>\n\n\n\n<div class=\"wp-block-button is-style-fill\"><a class=\"wp-block-button__link has-vivid-purple-background-color has-background\" href=\"http:\/\/www.tsi.lycee-louis-vincent.fr\/?page_id=4833\">Chimie<\/a><\/div>\n\n\n\n<div class=\"wp-block-button is-style-fill\"><a class=\"wp-block-button__link has-pale-pink-background-color has-background\" href=\"http:\/\/www.tsi.lycee-louis-vincent.fr\/?page_id=5595\">Divers<\/a><\/div>\n<\/div>\n\n\n\n<p><\/p>\n\n\n\n<p><\/p>\n\n\n\n<div class=\"wp-block-file\"><a id=\"wp-block-file--media-aa18252e-b891-4ebc-94a3-61a05af39862\" href=\"http:\/\/www.tsi.lycee-louis-vincent.fr\/wp-content\/uploads\/2021\/03\/listingQCM.pdf\">Vous pouvez \u00e9galement t\u00e9l\u00e9charger les liens d&rsquo;acc\u00e8s et les QR-code :<\/a><a href=\"http:\/\/www.tsi.lycee-louis-vincent.fr\/wp-content\/uploads\/2021\/03\/listingQCM.pdf\" class=\"wp-block-file__button\" download aria-describedby=\"wp-block-file--media-aa18252e-b891-4ebc-94a3-61a05af39862\">T\u00e9l\u00e9charger<\/a><\/div>\n","protected":false},"excerpt":{"rendered":"<p>Vous trouverez ici des QCM d&rsquo;entra\u00eenement sur les diff\u00e9rents th\u00e8mes de physique et chimie de premi\u00e8re ann\u00e9e. Cliquez sur un th\u00e8me pour vous entra\u00eener<\/p>\n","protected":false},"author":1,"featured_media":0,"parent":0,"menu_order":0,"comment_status":"closed","ping_status":"closed","template":"","meta":{"footnotes":""},"_links":{"self":[{"href":"https:\/\/www.tsi.lycee-louis-vincent.fr\/index.php?rest_route=\/wp\/v2\/pages\/4815"}],"collection":[{"href":"https:\/\/www.tsi.lycee-louis-vincent.fr\/index.php?rest_route=\/wp\/v2\/pages"}],"about":[{"href":"https:\/\/www.tsi.lycee-louis-vincent.fr\/index.php?rest_route=\/wp\/v2\/types\/page"}],"author":[{"embeddable":true,"href":"https:\/\/www.tsi.lycee-louis-vincent.fr\/index.php?rest_route=\/wp\/v2\/users\/1"}],"replies":[{"embeddable":true,"href":"https:\/\/www.tsi.lycee-louis-vincent.fr\/index.php?rest_route=%2Fwp%2Fv2%2Fcomments&post=4815"}],"version-history":[{"count":16,"href":"https:\/\/www.tsi.lycee-louis-vincent.fr\/index.php?rest_route=\/wp\/v2\/pages\/4815\/revisions"}],"predecessor-version":[{"id":5596,"href":"https:\/\/www.tsi.lycee-louis-vincent.fr\/index.php?rest_route=\/wp\/v2\/pages\/4815\/revisions\/5596"}],"wp:attachment":[{"href":"https:\/\/www.tsi.lycee-louis-vincent.fr\/index.php?rest_route=%2Fwp%2Fv2%2Fmedia&parent=4815"}],"curies":[{"name":"wp","href":"https:\/\/api.w.org\/{rel}","templated":true}]}}