{"id":71,"date":"2011-06-27T17:09:28","date_gmt":"2011-06-27T17:09:28","guid":{"rendered":"http:\/\/www.tsi1.hostzi.com\/?page_id=71"},"modified":"2021-11-08T20:54:03","modified_gmt":"2021-11-08T19:54:03","slug":"resultats","status":"publish","type":"page","link":"https:\/\/www.tsi.lycee-louis-vincent.fr\/?page_id=71","title":{"rendered":"R\u00e9sultats"},"content":{"rendered":"<p style=\"text-align: right;\"><a title=\"Et apr\u00e8s ?\" href=\"?page_id=69\">Retour vers \u00ab\u00a0Et apr\u00e8s\u00a0\u00bb<\/a><\/p>\n<blockquote>\n<p style=\"text-align: center;\"><span style=\"color: #993366;\">La France forme 30000 ing\u00e9nieurs par an.<\/span><br \/>\n<span style=\"color: #993366;\"><strong>Vous pouvez en faire partie gr\u00e2ce \u00e0 la pr\u00e9pa TSI !<\/strong><\/span><\/p>\n<\/blockquote>\n<p style=\"text-align: justify;\">Depuis sa cr\u00e9ation en 1977, la pr\u00e9pa TSI du lyc\u00e9e Louis Vincent a permis \u00e0 \u00a0plusieurs centaines d\u2019\u00e9tudiants de devenir ing\u00e9nieurs apr\u00e8s 3 ans d\u2019\u00e9tudes en \u00e9cole d\u2019ing\u00e9nieur.<\/p>\n<p style=\"text-align: justify;\"><b>Voici un aper\u00e7u du nombre d\u2019\u00e9tudiants\u00a0<\/b><span style=\"font-weight: 600;\">ayant<\/span><b>\u00a0poursuivi leur scolarit\u00e9 dans une \u00e9cole d\u2019ing\u00e9nieur apr\u00e8s la CPGE TSI du lyc\u00e9e Louis Vincent (toutes les \u00e9coles n&rsquo;apparaissent pas) .<\/b><\/p>\n<ul>\n<li><a href=\"#ancre_1\">Ecoles du concours Centrale Sup\u00e9lec<\/a><\/li>\n<li><a href=\"#ancre_2\">Ecoles du Concours Commun INP<\/a><\/li>\n<li><a href=\"#ancre_3\">Ecoles de la banque CCP<\/a><\/li>\n<li><a href=\"#ancre_4\">Autres concours &#8211; Ecoles sur dossier<\/a><\/li>\n<\/ul>\n<p style=\"text-align: center;\"><a href=\"http:\/\/www.tsi.lycee-louis-vincent.fr\/wp-content\/uploads\/2021\/11\/concours2021.png\"><img loading=\"lazy\" decoding=\"async\" class=\"aligncenter wp-image-5096 size-large\" src=\"http:\/\/www.tsi.lycee-louis-vincent.fr\/wp-content\/uploads\/2021\/11\/concours2021-1200x675.png\" alt=\"\" width=\"830\" height=\"467\" srcset=\"https:\/\/www.tsi.lycee-louis-vincent.fr\/wp-content\/uploads\/2021\/11\/concours2021-1200x675.png 1200w, https:\/\/www.tsi.lycee-louis-vincent.fr\/wp-content\/uploads\/2021\/11\/concours2021-850x478.png 850w, https:\/\/www.tsi.lycee-louis-vincent.fr\/wp-content\/uploads\/2021\/11\/concours2021-250x141.png 250w\" sizes=\"(max-width: 830px) 100vw, 830px\" \/><\/a><\/p>\n<p id=\"ancre_1\" style=\"text-align: right;\"><a href=\"#\">Retour en haut<\/a><\/p>\n<h3 style=\"text-align: center;\"><strong><span style=\"color: #993366;\"> Concours Centrale Sup\u00e9lec<\/span><\/strong><\/h3>\n<table id=\"wp-table-reloaded-id-2-no-1\" class=\"wp-table-reloaded wp-table-reloaded-id-2\">\n<tfoot>\n<tr class=\"row-26 even\">\n<th class=\"column-1\">Total<\/th>\n<th class=\"column-2\">191<\/th>\n<\/tr>\n<\/tfoot>\n<tbody class=\"row-hover\">\n<tr class=\"row-1 odd\">\n<td class=\"column-1\">ENSAM<\/td>\n<td class=\"column-2\">49<\/td>\n<\/tr>\n<tr class=\"row-2 even\">\n<td class=\"column-1\">Centrale &#8211; Supelec<\/td>\n<td class=\"column-2\">18<\/td>\n<\/tr>\n<tr class=\"row-3 odd\">\n<td class=\"column-1\">Centrale (Nantes)<\/td>\n<td class=\"column-2\">12<\/td>\n<\/tr>\n<tr class=\"row-4 even\">\n<td class=\"column-1\">Centrale (Lyon)<\/td>\n<td class=\"column-2\">7<\/td>\n<\/tr>\n<tr class=\"row-5 odd\">\n<td class=\"column-1\">Centrale (Lille)<\/td>\n<td class=\"column-2\">8<\/td>\n<\/tr>\n<tr class=\"row-6 even\">\n<td class=\"column-1\">Centrale (Marseille)<\/td>\n<td class=\"column-2\">6<\/td>\n<\/tr>\n<tr class=\"row-7 odd\">\n<td class=\"column-1\">Mines (Paris)<\/td>\n<td class=\"column-2\">1<\/td>\n<\/tr>\n<tr class=\"row-8 even\">\n<td class=\"column-1\">Mines (Nancy &#8211; St Etienne &#8211; Nantes)<\/td>\n<td class=\"column-2\">11<\/td>\n<\/tr>\n<tr class=\"row-9 odd\">\n<td class=\"column-1\">Mines (Douai,Albi, Ales)<\/td>\n<td class=\"column-2\">12<\/td>\n<\/tr>\n<tr class=\"row-10 even\">\n<td class=\"column-1\">SUPAERO (Toulouse)<\/td>\n<td class=\"column-2\">1<\/td>\n<\/tr>\n<tr class=\"row-11 odd\">\n<td class=\"column-1\">CY TECH (Cergy)<\/td>\n<td class=\"column-2\">1<\/td>\n<\/tr>\n<tr class=\"row-12 even\">\n<td class=\"column-1\">Supoptique<\/td>\n<td class=\"column-2\">3<\/td>\n<\/tr>\n<tr class=\"row-13 odd\">\n<td class=\"column-1\">Telecom (Bretagne)<\/td>\n<td class=\"column-2\">1<\/td>\n<\/tr>\n<tr class=\"row-14 even\">\n<td class=\"column-1\">Telecom (Strasbourg)<\/td>\n<td class=\"column-2\">14<\/td>\n<\/tr>\n<tr class=\"row-15 odd\">\n<td class=\"column-1\">Telecom (Nancy)<\/td>\n<td class=\"column-2\">9<\/td>\n<\/tr>\n<tr class=\"row-16 even\">\n<td class=\"column-1\">Telecom (Paris)<\/td>\n<td class=\"column-2\">5<\/td>\n<\/tr>\n<tr class=\"row-17 odd\">\n<td class=\"column-1\">Ponts et Chauss\u00e9es<\/td>\n<td class=\"column-2\">1<\/td>\n<\/tr>\n<tr class=\"row-18 even\">\n<td class=\"column-1\">ENSIEE (Evry)<\/td>\n<td class=\"column-2\">3<\/td>\n<\/tr>\n<tr class=\"row-19 odd\">\n<td class=\"column-1\">ENSTA (Brest)<\/td>\n<td class=\"column-2\">7<\/td>\n<\/tr>\n<tr class=\"row-20 even\">\n<td class=\"column-1\">ESIX (Cherbourg)<\/td>\n<td class=\"column-2\">5<\/td>\n<\/tr>\n<tr class=\"row-21 odd\">\n<td class=\"column-1\">ISMANS (Le Mans)<\/td>\n<td class=\"column-2\">4<\/td>\n<\/tr>\n<tr class=\"row-22 even\">\n<td class=\"column-1\">ENSEA (Cergy)<\/td>\n<td class=\"column-2\">6<\/td>\n<\/tr>\n<tr class=\"row-23 odd\">\n<td class=\"column-1\">IFMA (Aubi\u00e8re)<\/td>\n<td class=\"column-2\">4<\/td>\n<\/tr>\n<tr class=\"row-24 even\">\n<td class=\"column-1\">ENST (Paris)<\/td>\n<td class=\"column-2\">3<\/td>\n<\/tr>\n<tr class=\"row-25 odd\">\n<td class=\"column-1\"><\/td>\n<td class=\"column-2\"><\/td>\n<\/tr>\n<\/tbody>\n<\/table>\n<p id=\"ancre_2\" style=\"text-align: right;\"><a href=\"#\">Retour en haut<\/a><\/p>\n<h3 style=\"text-align: center;\"><span style=\"color: #993366;\"><strong> Concours Commun INP<\/strong><\/span><\/h3>\n<table id=\"wp-table-reloaded-id-3-no-1\" class=\"wp-table-reloaded wp-table-reloaded-id-3\">\n<tfoot>\n<tr class=\"row-16 even\">\n<th class=\"column-1\">Total<\/th>\n<th class=\"column-2\">174<\/th>\n<\/tr>\n<\/tfoot>\n<tbody class=\"row-hover\">\n<tr class=\"row-1 odd\">\n<td class=\"column-1\">ENSEEE (Grenoble)<\/td>\n<td class=\"column-2\">8<\/td>\n<\/tr>\n<tr class=\"row-2 even\">\n<td class=\"column-1\">ISIMA (Clermont)<\/td>\n<td class=\"column-2\">8<\/td>\n<\/tr>\n<tr class=\"row-3 odd\">\n<td class=\"column-1\">ENSIAME (Valenciennes)<\/td>\n<td class=\"column-2\">22<\/td>\n<\/tr>\n<tr class=\"row-4 even\">\n<td class=\"column-1\">ENSMA (Poitiers)<\/td>\n<td class=\"column-2\">7<\/td>\n<\/tr>\n<tr class=\"row-5 odd\">\n<td class=\"column-1\">PAGORA<\/td>\n<td class=\"column-2\">7<\/td>\n<\/tr>\n<tr class=\"row-6 even\">\n<td class=\"column-1\">ENSEM (Nancy)<\/td>\n<td class=\"column-2\">39<\/td>\n<\/tr>\n<tr class=\"row-7 odd\">\n<td class=\"column-1\">ENSPS (Strasbourg)<\/td>\n<td class=\"column-2\">6<\/td>\n<\/tr>\n<tr class=\"row-8 even\">\n<td class=\"column-1\">ENSMM (Besan\u00e7on)<\/td>\n<td class=\"column-2\">23<\/td>\n<\/tr>\n<tr class=\"row-9 odd\">\n<td class=\"column-1\">ENSICA (Toulouse)<\/td>\n<td class=\"column-2\">1<\/td>\n<\/tr>\n<tr class=\"row-10 even\">\n<td class=\"column-1\">ENSI (Poitiers)<\/td>\n<td class=\"column-2\">1<\/td>\n<\/tr>\n<tr class=\"row-11 odd\">\n<td class=\"column-1\">ENSEIRB (Bordeaux)<\/td>\n<td class=\"column-2\">7<\/td>\n<\/tr>\n<tr class=\"row-12 even\">\n<td class=\"column-1\">ENSISA (Mulhouse)<\/td>\n<td class=\"column-2\">21<\/td>\n<\/tr>\n<tr class=\"row-13 odd\">\n<td class=\"column-1\">ENSGSI (Nancy)<\/td>\n<td class=\"column-2\">4<\/td>\n<\/tr>\n<tr class=\"row-14 even\">\n<td class=\"column-1\">ENSIM (Le mans)<\/td>\n<td class=\"column-2\">2<\/td>\n<\/tr>\n<tr class=\"row-15 odd\">\n<td class=\"column-1\">ENSIC (Nancy)<\/td>\n<td class=\"column-2\">2<\/td>\n<\/tr>\n<tr class=\"row-16 even\">\n<td class=\"column-1\">ENSPG (Grenoble)<\/td>\n<td class=\"column-2\">3<\/td>\n<\/tr>\n<tr class=\"row-17 odd\">\n<td class=\"column-1\">Supm\u00e9ca (Paris)<\/td>\n<td class=\"column-2\">1<\/td>\n<\/tr>\n<tr class=\"row-18 even\">\n<td class=\"column-1\">ENAC<\/td>\n<td class=\"column-2\">5<\/td>\n<\/tr>\n<tr class=\"row-19 odd\">\n<td class=\"column-1\">IGC (Toulouse)<\/td>\n<td class=\"column-2\">1<\/td>\n<\/tr>\n<tr class=\"row-20 even\">\n<td class=\"column-1\">ESB (Nantes)<\/td>\n<td class=\"column-2\">6<\/td>\n<\/tr>\n<\/tbody>\n<\/table>\n<p id=\"ancre_3\" style=\"text-align: right;\"><a href=\"#\">Retour en haut<\/a><\/p>\n<h3 style=\"text-align: center;\"><strong> <span style=\"color: #993366;\">Banque CCP<\/span><\/strong><\/h3>\n<table id=\"wp-table-reloaded-id-4-no-1\" class=\"wp-table-reloaded wp-table-reloaded-id-4\">\n<tfoot>\n<tr class=\"row-13 odd\">\n<th class=\"column-1\">Total<\/th>\n<th class=\"column-2\">126<\/th>\n<\/tr>\n<\/tfoot>\n<tbody class=\"row-hover\">\n<tr class=\"row-1 odd\">\n<td class=\"column-1\">ENTPE<\/td>\n<td class=\"column-2\">1<\/td>\n<\/tr>\n<tr class=\"row-2 even\">\n<td class=\"column-1\">ESTP (Paris)<\/td>\n<td class=\"column-2\">4<\/td>\n<\/tr>\n<tr class=\"row-3 odd\">\n<td class=\"column-1\">ENS (Cachan\/Rennes)<\/td>\n<td class=\"column-2\">22<\/td>\n<\/tr>\n<tr class=\"row-4 even\">\n<td class=\"column-1\">ESIGELEC (Rouen)<\/td>\n<td class=\"column-2\">17<\/td>\n<\/tr>\n<tr class=\"row-5 odd\">\n<td class=\"column-1\">ESIREM (Dijon)<\/td>\n<td class=\"column-2\">7<\/td>\n<\/tr>\n<tr class=\"row-6 even\">\n<td class=\"column-1\">ENSTIB (Epinal)<\/td>\n<td class=\"column-2\">4<\/td>\n<\/tr>\n<tr class=\"row-7 odd\">\n<td class=\"column-1\">ENSIMAG (Grenoble)<\/td>\n<td class=\"column-2\">6<\/td>\n<\/tr>\n<tr class=\"row-8 even\">\n<td class=\"column-1\">ENSEEIHT (Toulouse)<\/td>\n<td class=\"column-2\">5<\/td>\n<\/tr>\n<tr class=\"row-9 odd\">\n<td class=\"column-1\">ENSEEG (Grenoble)<\/td>\n<td class=\"column-2\">4<\/td>\n<\/tr>\n<tr class=\"row-10 even\">\n<td class=\"column-1\">ESTIA (Bidart)<\/td>\n<td class=\"column-2\">6<\/td>\n<\/tr>\n<tr class=\"row-11 odd\">\n<td class=\"column-1\">ENSAIT (Roubaix)<\/td>\n<td class=\"column-2\">12<\/td>\n<\/tr>\n<tr class=\"row-12 even\">\n<td class=\"column-1\">ISAT (Nevers)<\/td>\n<td class=\"column-2\">3<\/td>\n<\/tr>\n<tr class=\"row-13 odd\">\n<td class=\"column-1\">EIL (Cote opale)<\/td>\n<td class=\"column-2\">5<\/td>\n<\/tr>\n<tr class=\"row-14 even\">\n<td class=\"column-1\">R\u00e9seau Polytechnique<\/td>\n<td class=\"column-2\">30<\/td>\n<\/tr>\n<\/tbody>\n<\/table>\n<p id=\"ancre_4\" style=\"text-align: right;\"><a href=\"#\">Retour en haut<\/a><\/p>\n<h3 style=\"text-align: center;\"><strong> <span style=\"color: #993366;\">Ecoles sur dossier \/ concours s\u00e9par\u00e9\u00a0<\/span><\/strong><\/h3>\n<table id=\"wp-table-reloaded-id-5-no-1\" class=\"wp-table-reloaded wp-table-reloaded-id-5\">\n<tfoot>\n<tr class=\"row-10 even\">\n<th class=\"column-1\">Total<\/th>\n<th class=\"column-2\">108<\/th>\n<\/tr>\n<\/tfoot>\n<tbody class=\"row-hover\">\n<tr class=\"row-1 odd\">\n<td class=\"column-1\">INSA<\/td>\n<td class=\"column-2\">27<\/td>\n<\/tr>\n<tr class=\"row-2 even\">\n<td class=\"column-1\">UTBM (Belfort)<\/td>\n<td class=\"column-2\">12<\/td>\n<\/tr>\n<tr class=\"row-3 odd\">\n<td class=\"column-1\">EPITA-IPSA-ESME<\/td>\n<td class=\"column-2\">6<\/td>\n<\/tr>\n<tr class=\"row-4 even\">\n<td class=\"column-1\">SupInfo<\/td>\n<td class=\"column-2\">2<\/td>\n<\/tr>\n<tr class=\"row-5 odd\">\n<td class=\"column-1\">EnsiCaen\/EnsiM\/EnsiBourges<\/td>\n<td class=\"column-2\">6<\/td>\n<\/tr>\n<tr class=\"row-6 even\">\n<td class=\"column-1\">ENI (Metz-Brest)<\/td>\n<td class=\"column-2\">20<\/td>\n<\/tr>\n<tr class=\"row-7 odd\">\n<td class=\"column-1\">ESSTIN (Nancy)<\/td>\n<td class=\"column-2\">5<\/td>\n<\/tr>\n<tr class=\"row-8 even\">\n<td class=\"column-1\">UTC (Compi\u00e8gne)<\/td>\n<td class=\"column-2\">4<\/td>\n<\/tr>\n<tr class=\"row-9 odd\">\n<td class=\"column-1\">CESI Alternance<\/td>\n<td class=\"column-2\">3<\/td>\n<\/tr>\n<tr class=\"row-10 even\">\n<td class=\"column-1\">ENSAM Alternance<\/td>\n<td class=\"column-2\">2<\/td>\n<\/tr>\n<tr class=\"row-11 odd\">\n<td class=\"column-1\">CNAM Alternance<\/td>\n<td class=\"column-2\">2<\/td>\n<\/tr>\n<tr class=\"row-12 even\">\n<td class=\"column-1\">UTT (Troyes)<\/td>\n<td class=\"column-2\">4<\/td>\n<\/tr>\n<tr class=\"row-13 odd\">\n<td class=\"column-1\">\u00e9coles diverses<\/td>\n<td class=\"column-2\">15<\/td>\n<\/tr>\n<\/tbody>\n<\/table>\n<p id=\"ancre_5\" style=\"text-align: right;\"><a href=\"#\">Retour en haut<\/a><\/p>\n<p style=\"text-align: right;\"><a title=\"Et apr\u00e8s ?\" href=\"?page_id=69\">Retour vers \u00ab\u00a0Et apr\u00e8s ?\u00a0\u00bb<\/a><\/p>\n","protected":false},"excerpt":{"rendered":"<p>Retour vers \u00ab\u00a0Et apr\u00e8s\u00a0\u00bb La France forme 30000 ing\u00e9nieurs par an. Vous pouvez en faire partie gr\u00e2ce \u00e0 la pr\u00e9pa TSI ! Depuis sa cr\u00e9ation en 1977, la pr\u00e9pa TSI du lyc\u00e9e Louis Vincent a permis \u00e0 \u00a0plusieurs centaines d\u2019\u00e9tudiants de devenir ing\u00e9nieurs apr\u00e8s 3 ans d\u2019\u00e9tudes en \u00e9cole d\u2019ing\u00e9nieur. Voici un aper\u00e7u du nombre [&hellip;]<\/p>\n","protected":false},"author":1,"featured_media":0,"parent":69,"menu_order":0,"comment_status":"closed","ping_status":"open","template":"","meta":{"footnotes":""},"_links":{"self":[{"href":"https:\/\/www.tsi.lycee-louis-vincent.fr\/index.php?rest_route=\/wp\/v2\/pages\/71"}],"collection":[{"href":"https:\/\/www.tsi.lycee-louis-vincent.fr\/index.php?rest_route=\/wp\/v2\/pages"}],"about":[{"href":"https:\/\/www.tsi.lycee-louis-vincent.fr\/index.php?rest_route=\/wp\/v2\/types\/page"}],"author":[{"embeddable":true,"href":"https:\/\/www.tsi.lycee-louis-vincent.fr\/index.php?rest_route=\/wp\/v2\/users\/1"}],"replies":[{"embeddable":true,"href":"https:\/\/www.tsi.lycee-louis-vincent.fr\/index.php?rest_route=%2Fwp%2Fv2%2Fcomments&post=71"}],"version-history":[{"count":21,"href":"https:\/\/www.tsi.lycee-louis-vincent.fr\/index.php?rest_route=\/wp\/v2\/pages\/71\/revisions"}],"predecessor-version":[{"id":5097,"href":"https:\/\/www.tsi.lycee-louis-vincent.fr\/index.php?rest_route=\/wp\/v2\/pages\/71\/revisions\/5097"}],"up":[{"embeddable":true,"href":"https:\/\/www.tsi.lycee-louis-vincent.fr\/index.php?rest_route=\/wp\/v2\/pages\/69"}],"wp:attachment":[{"href":"https:\/\/www.tsi.lycee-louis-vincent.fr\/index.php?rest_route=%2Fwp%2Fv2%2Fmedia&parent=71"}],"curies":[{"name":"wp","href":"https:\/\/api.w.org\/{rel}","templated":true}]}}